 Suppose 4*j - 48 = 2*j. Let x be j*(-1)/(-4)*2. What is the greatest common divisor of x and c?
12
Let o = -37 - -33. Let v be -1*o/(4/25). What is the greatest common factor of 100 and v?
25
Let f be 5 + 4 + 4/(-1) + 163. What is the highest common factor of f and 21?
21
Let j = 17 - -30. Calculate the greatest common divisor of 141 and j.
47
Let s = -20 - -41. Suppose -2*d + s = -5. What is the greatest common factor of d and 91?
13
Suppose 3*j = -3*j - 132. Let p = j + 32. What is the highest common divisor of p and 110?
10
Let t(v) = -v**3 - 7*v**2 - 2*v - 3. Let n be t(-8). Let y(j) = -j**3 - 3*j**2 - 9. Let a be y(-4). What is the greatest common factor of n and a?
7
Suppose -t - 2*p + 143 = 0, 5*t + 0*t + 5*p = 740. Let y be 3 - (-2 + 2) - (-26 - 5). Suppose 3*n = 5*n - y. Calculate the highest common factor of t and n.
17
Let z be (5 + 5)/(2/(-6)). Let x be -10 - z - (1 - 1). Let p = x - 14. Calculate the greatest common divisor of p and 15.
3
Suppose h - 4*b - b = -18, 0 = 4*h - 5*b + 42. Let v = 16 + h. What is the greatest common factor of v and 40?
8
Suppose -4*d - 4*g = -744, 3*d + 51*g = 50*g + 554. What is the greatest common factor of d and 16?
8
Let h be 2 + 53 + (3 + -2)*0. What is the highest common factor of h and 25?
5
Let q be -213*(-6 + -4 - -7). Calculate the highest common factor of 9 and q.
9
Let l = 119 - 53. Suppose 5*c = -2*f - 0*f - 513, 3*f + 113 = -c. Let n be c/(-11) - 12/l. Calculate the greatest common divisor of 45 and n.
9
Suppose 0 = -3*k - 3*g + 9, 0 = -5*k - 4*g + 7*g + 31. Calculate the greatest common divisor of 55 and k.
5
Let r(y) = 12 - 12 + 7*y. Let h be r(1). Let x be 7/(5*1/35). Calculate the greatest common factor of h and x.
7
Let p be 70/4 + (-9)/18. Let w = p + 1. What is the greatest common divisor of 27 and w?
9
Let i be (-4 - 1)*(-10)/(-25). Let r be (2/(-4))/(i/(-4)). Let b be (1/(-3))/(r/3). Calculate the highest common factor of 9 and b.
1
Suppose -30*g + 60*g = 720. What is the greatest common divisor of g and 120?
24
Let d be (6/4)/(57/(-152)) - -208. Calculate the greatest common divisor of 12 and d.
12
Let k(d) = d**2 - 44*d - 110. Let j be k(48). Calculate the highest common divisor of 164 and j.
82
Let r be 3775/50 - (-1)/(-2). Calculate the greatest common factor of 45 and r.
15
Let f = 66 - -38. What is the highest common factor of 39 and f?
13
Suppose 1 = 128*j - 127*j, -3*o - 5*j = -896. What is the greatest common divisor of o and 81?
27
Let l be ((-18)/(-4))/(((-24)/(-6))/72). Calculate the highest common factor of l and 135.
27
Let h be 20 - ((-2)/(-2))/(22/(-176)). What is the highest common divisor of 350 and h?
14
Let b be ((-66)/(-5))/((-4)/(-20)). Let h = 751 + -729. Calculate the highest common divisor of h and b.
22
Let p(s) = -s**2 - 27*s - 16. Let v be p(-26). Let z = 206 - 146. What is the greatest common factor of z and v?
10
Let o(h) = h**3 + 14*h**2 + 7*h - 8. Let c be o(-9). Suppose c = 4*n - n - u, -2*u = 8. Calculate the greatest common factor of n and 22.
22
Let k(r) = -r**3 - 12*r**2 - 19*r - 8. Let i be k(-11). Let z = 0 - 0. Suppose -3*v + 30 = -z*v. What is the highest common divisor of v and i?
10
Suppose -5*w - 128 = -2*k, 0*k - k - 4*w + 38 = 0. Let m(t) = t - 5. Let z be m(11). Let g = 24 - z. What is the highest common factor of g and k?
18
Let h be (-1198)/(-30) + (-19)/(-285). What is the greatest common factor of h and 40?
40
Let l = -16 + 18. Let a(g) = 36*g - 12. Let j be a(l). What is the highest common divisor of j and 40?
20
Suppose 0 = 2*d + 2*w - 55 - 77, -3*w = -9. Calculate the highest common divisor of 21 and d.
21
Suppose 38 = n + 4*q + q, q + 8 = n. What is the greatest common divisor of 351 and n?
13
Let w(r) = -35*r - 350. Let y be w(-11). Calculate the greatest common factor of y and 15.
5
Let s(n) = 6*n**2 + 1. Let d be s(0). Calculate the greatest common divisor of d and 11.
1
Suppose 800 = 4*t + t. Suppose -12*a + 13*a = 16. Let i be (-21 + a)/(1/(-4)). Calculate the greatest common divisor of i and t.
20
Let x = 26 - 13. Let g = -4036 + 5781. Let q be g/15 + (-4)/(-6). What is the highest common factor of q and x?
13
Let i = -844 + 846. What is the highest common factor of i and 254?
2
Suppose 61*n - 37*n = 288. Suppose -2*o - x = -6*x + 13, x - 3 = 0. Let f = o - -29. Calculate the greatest common factor of n and f.
6
Let v(s) = -8*s + 248. Let r be v(21). What is the highest common divisor of r and 5?
5
Let j be ((-72)/(-16))/((-6)/136). Let g = -22 - j. Calculate the greatest common divisor of 10 and g.
10
Let a(y) = y**3 - 6*y**2 - 2*y - 90. Let r be a(8). Calculate the greatest common divisor of 308 and r.
22
Suppose 7*d - 6 = 9*d. Let g be (-98)/(-7) - (-12)/d. Calculate the highest common factor of g and 110.
10
Suppose -4*h = -3*q + 35 + 20, 3*h + 12 = 0. Suppose -4*l + 1 = q. Let u be (l - -2)*(-63 + 0). Calculate the highest common divisor of 21 and u.
21
Suppose 5*c - 234 = 3*q, -4*q = 87*c - 90*c + 147. What is the highest common divisor of c and 240?
15
Let a(j) = -j**3 - 14*j**2 - 112*j + 1. Let d be a(-11). Calculate the highest common divisor of 87 and d.
87
Let o = 2 + 30. Let g = 40 + o. Calculate the greatest common factor of g and 48.
24
Let r be 246/14 + ((-22)/14 - -1). What is the highest common divisor of 136 and r?
17
Let h(t) = -t**2 + 21*t + 4. Let r be h(21). Suppose 7*l - q = 3*l + 9, -r*l + 5*q - 3 = 0. Calculate the highest common divisor of 3 and l.
3
Suppose -m + 2*m + 129 = 4*b, 4*m + 54 = 2*b. Let f(d) = 4*d**2 - 2*d + 1. Let p be f(1). What is the greatest common factor of b and p?
3
Let g = -1347 - -1747. Calculate the greatest common divisor of g and 16.
16
Let o(w) be the second derivative of -5*w**3/6 - 12*w**2 + 4*w. Let a be o(-7). Suppose -2*v = 73 - 183. What is the highest common factor of a and v?
11
Let j = 669 + -663. Calculate the highest common factor of 141 and j.
3
Suppose 0*r = 4*r - 1988. What is the greatest common divisor of r and 71?
71
Suppose 5*l = -4*d + 561, 3*l - 4*d + 3*d = 340. Let i be 181 + 2*1/1. Let c = i - l. Calculate the highest common factor of c and 28.
14
Suppose 0 = -5*d - 5*z + 1745, 94 + 1290 = 4*d + z. What is the highest common factor of d and 135?
15
Let m(c) = c - 28. Let w be m(-12). Let a be w/30*27/(-2). Let b = 45 + -27. What is the highest common divisor of b and a?
18
Suppose 14*l + 684 = 23*l. What is the greatest common factor of l and 836?
76
Let j = 713 - 470. Let n(m) = 6*m + 75. Let p be n(-8). What is the highest common divisor of j and p?
27
Suppose 5*h = -3*s + 44 + 16, 48 = 4*h - 2*s. Calculate the greatest common factor of h and 24.
12
Suppose -10*o - 560 = -17*o. Let l = 9 + 7. Calculate the highest common factor of o and l.
16
Let u be ((-20)/18)/((-6)/54 - 0). What is the greatest common divisor of u and 110?
10
Let a = -26 - -39. Calculate the highest common divisor of a and 143.
13
Suppose 8*a = 1323 + 469. Calculate the highest common factor of 56 and a.
56
Let d = -18 + 23. Suppose -134 = -d*i + 126. Let r be (1 - (-1 + 0)) + i. What is the highest common divisor of 18 and r?
18
Let i be (-6 - (-8 + -6))*2. What is the greatest common divisor of i and 40?
8
Let o(p) = p**2 + 4*p - 35. Let i be o(-25). What is the highest common factor of i and 70?
70
Let c(u) = -u**3 + 15*u**2 + 28*u + 24. Let o be c(16). What is the highest common divisor of 192 and o?
24
Let t be 38/(-34) + 1 - (-1468448)/7412. What is the highest common factor of t and 22?
22
Let r be (-1)/(-2)*((-44)/(-1) - -6). Calculate the greatest common factor of r and 35.
5
Let w(z) = z**2 + 46*z + 292. Let h be w(-7). Let b be ((-2)/4)/(2/(-76)). What is the highest common factor of h and b?
19
Let x = -645 + 673. What is the highest common divisor of x and 7?
7
Suppose -14*g = 22 - 638. Calculate the greatest common divisor of 572 and g.
44
Suppose -6 = -2*g, 10 = 2*x - 73*g + 69*g. What is the greatest common divisor of 15 and x?
1
Suppose 0 = 8*l - 5*l - 18. Suppose 1388 = 8*t + 1340. Calculate the highest common factor of l and t.
6
Let k(c) = -12*c + 43. Suppose 2*g = 2*u - 26, g = -0*g + 5*u - 21. Let i be k(g). What is the greatest common divisor of 25 and i?
25
Let r = 87 + -32. Suppose 2*m + 13 = l - 36, l + 4*m - r = 0. Suppose -4*q = -2*q - 34. C